{"id":82275,"date":"2026-03-12T16:47:34","date_gmt":"2026-03-12T21:47:34","guid":{"rendered":"http:\/\/elicrombrasil.com\/?page_id=82275"},"modified":"2026-05-13T11:01:11","modified_gmt":"2026-05-13T16:01:11","slug":"datalogger-4","status":"publish","type":"page","link":"https:\/\/elicrombrasil.com\/?page_id=82275","title":{"rendered":"Registrador de dados"},"content":{"rendered":"<div class=\"vc_row wpb_row vc_row-fluid\"><div class=\"wpb_column vc_column_container vc_col-sm-12\"><div class=\"vc_column-inner\"><div class=\"wpb_wrapper\">\n\t<div class=\"wpb_text_column wpb_content_element \" >\n\t\t<div class=\"wpb_wrapper\">\n\t\t\t<p><strong><span style=\"color: #419fd2; text-align: center; font-size: 32px;\">TERMOHIGR\u00d3METROS DATALOGGER<\/span><\/strong><br \/>\nTermohigr\u00f4metros certificados pela ISO 17025, acreditados pelo Servi\u00e7o de Acredita\u00e7\u00e3o Equatoriano SAE e pela A2LA dos Estados Unidos da Am\u00e9rica, calibrados nos pontos: Umidade Relativa (30 %hr, 50 %hr e 75 %hr) a uma temperatura fixa de 23\u00b0C.<\/p>\n<table class=\"tabla-catalogo\">\n<tbody>\n<tr>\n<td>\r\n<div class=\"card-catalogo\">\r\n\r\n<a href=\"https:\/\/elicrombrasil.com\/?product=46918\" class=\"producto-nombre\">ELC330TH<\/a>\r\n\r\n<a href=\"https:\/\/elicrombrasil.com\/?product=46918\" class=\"producto-imagen\">\r\n<img loading=\"lazy\" decoding=\"async\" width=\"300\" height=\"300\" src=\"https:\/\/elicrombrasil.com\/wp-content\/uploads\/2026\/03\/46918-0-300x300.png\" class=\"attachment-medium size-medium wp-post-image\" alt=\"\" srcset=\"https:\/\/elicrombrasil.com\/wp-content\/uploads\/2026\/03\/46918-0-300x300.png 300w, https:\/\/elicrombrasil.com\/wp-content\/uploads\/2026\/03\/46918-0-150x150.png 150w, https:\/\/elicrombrasil.com\/wp-content\/uploads\/2026\/03\/46918-0-768x768.png 768w, https:\/\/elicrombrasil.com\/wp-content\/uploads\/2026\/03\/46918-0-600x600.png 600w, https:\/\/elicrombrasil.com\/wp-content\/uploads\/2026\/03\/46918-0-100x100.png 100w, https:\/\/elicrombrasil.com\/wp-content\/uploads\/2026\/03\/46918-0.png 800w\" sizes=\"auto, (max-width: 300px) 100vw, 300px\" \/>\r\n<\/a>\r\n\r\n<a href=\"https:\/\/elicrombrasil.com\/?product=46918\" class=\"producto-precio\"><span class=\"electro-price\"><span class=\"woocs_price_code\" data-currency=\"\" data-redraw-id=\"6a07470a4cc36\"  data-product-id=\"82445\"><span class=\"woocommerce-Price-amount amount\"><bdi><span class=\"woocommerce-Price-currencySymbol\">&#82;&#36;<\/span>&nbsp;419.52<\/bdi><\/span><\/span><\/span><\/a>\r\n\r\n<a href=\"?add-to-cart=82445\" \r\nclass=\"button add_to_cart_button ajax_add_to_cart\"\r\ndata-product_id=\"82445\"\r\ndata-quantity=\"1\">\r\nA\u00f1adir al carrito\r\n<\/a>\r\n\r\n<\/div>\r\n<\/td>\n<td>\r\n<div class=\"card-catalogo\">\r\n\r\n<a href=\"https:\/\/elicrombrasil.com\/?product=21786\" class=\"producto-nombre\">ELC-4HC<\/a>\r\n\r\n<a href=\"https:\/\/elicrombrasil.com\/?product=21786\" class=\"producto-imagen\">\r\n<img loading=\"lazy\" decoding=\"async\" width=\"300\" height=\"300\" src=\"https:\/\/elicrombrasil.com\/wp-content\/uploads\/2026\/03\/21786-0-300x300.jpeg\" class=\"attachment-medium size-medium wp-post-image\" alt=\"\" srcset=\"https:\/\/elicrombrasil.com\/wp-content\/uploads\/2026\/03\/21786-0-300x300.jpeg 300w, https:\/\/elicrombrasil.com\/wp-content\/uploads\/2026\/03\/21786-0-150x150.jpeg 150w, https:\/\/elicrombrasil.com\/wp-content\/uploads\/2026\/03\/21786-0-768x768.jpeg 768w, https:\/\/elicrombrasil.com\/wp-content\/uploads\/2026\/03\/21786-0-600x600.jpeg 600w, https:\/\/elicrombrasil.com\/wp-content\/uploads\/2026\/03\/21786-0-100x100.jpeg 100w, https:\/\/elicrombrasil.com\/wp-content\/uploads\/2026\/03\/21786-0.jpeg 800w\" sizes=\"auto, (max-width: 300px) 100vw, 300px\" \/>\r\n<\/a>\r\n\r\n<a href=\"https:\/\/elicrombrasil.com\/?product=21786\" class=\"producto-precio\"><span class=\"electro-price\"><span class=\"woocs_price_code\" data-currency=\"\" data-redraw-id=\"6a07470a4df2d\"  data-product-id=\"82447\"><span class=\"woocommerce-Price-amount amount\"><bdi><span class=\"woocommerce-Price-currencySymbol\">&#82;&#36;<\/span>&nbsp;419.52<\/bdi><\/span><\/span><\/span><\/a>\r\n\r\n<a href=\"?add-to-cart=82447\" \r\nclass=\"button add_to_cart_button ajax_add_to_cart\"\r\ndata-product_id=\"82447\"\r\ndata-quantity=\"1\">\r\nA\u00f1adir al carrito\r\n<\/a>\r\n\r\n<\/div>\r\n<\/td>\n<td>\r\n<div class=\"card-catalogo\">\r\n\r\n<a href=\"https:\/\/elicrombrasil.com\/?product=62828\" class=\"producto-nombre\">ERC-51H<\/a>\r\n\r\n<a href=\"https:\/\/elicrombrasil.com\/?product=62828\" class=\"producto-imagen\">\r\n<img loading=\"lazy\" decoding=\"async\" width=\"300\" height=\"300\" src=\"https:\/\/elicrombrasil.com\/wp-content\/uploads\/2026\/04\/62828-0-300x300.png\" class=\"attachment-medium size-medium wp-post-image\" alt=\"\" srcset=\"https:\/\/elicrombrasil.com\/wp-content\/uploads\/2026\/04\/62828-0-300x300.png 300w, https:\/\/elicrombrasil.com\/wp-content\/uploads\/2026\/04\/62828-0-150x150.png 150w, https:\/\/elicrombrasil.com\/wp-content\/uploads\/2026\/04\/62828-0-768x768.png 768w, https:\/\/elicrombrasil.com\/wp-content\/uploads\/2026\/04\/62828-0-600x600.png 600w, https:\/\/elicrombrasil.com\/wp-content\/uploads\/2026\/04\/62828-0-100x100.png 100w, https:\/\/elicrombrasil.com\/wp-content\/uploads\/2026\/04\/62828-0.png 800w\" sizes=\"auto, (max-width: 300px) 100vw, 300px\" \/>\r\n<\/a>\r\n\r\n<a href=\"https:\/\/elicrombrasil.com\/?product=62828\" class=\"producto-precio\"><span class=\"electro-price\"><span class=\"woocs_price_code\" data-currency=\"\" data-redraw-id=\"6a07470a4eff6\"  data-product-id=\"82666\"><span class=\"woocommerce-Price-amount amount\"><bdi><span class=\"woocommerce-Price-currencySymbol\">&#82;&#36;<\/span>&nbsp;419.52<\/bdi><\/span><\/span><\/span><\/a>\r\n\r\n<a href=\"?add-to-cart=82666\" \r\nclass=\"button add_to_cart_button ajax_add_to_cart\"\r\ndata-product_id=\"82666\"\r\ndata-quantity=\"1\">\r\nA\u00f1adir al carrito\r\n<\/a>\r\n\r\n<\/div>\r\n<\/td>\n<td><\/td>\n<\/tr>\n<\/tbody>\n<\/table>\n<table style=\"width: 100%;\" border=\"1\">\n<tbody>\n<tr style=\"background: #419fd2;\">\n<th><\/th>\n<th style=\"text-align: center;\"><strong><span style=\"color: #ffffff; text-align: center; font-size: 18px;\">ELC330TH<\/span><\/strong><\/th>\n<th style=\"text-align: center;\"><strong><span style=\"color: #ffffff; text-align: center; font-size: 18px;\">ELC-4HC<\/span><\/strong><\/th>\n<th style=\"text-align: center;\"><strong><span style=\"color: #ffffff; text-align: center; font-size: 18px;\">ERC-51H<\/span><\/strong><\/th>\n<th style=\"text-align: center;\"><strong><span style=\"color: #ffffff; text-align: center; font-size: 18px;\">ETLOG-10H<\/span><\/strong><\/th>\n<\/tr>\n<tr>\n<td style=\"background: #e2f6ff;\"><strong>PVP equipamento<\/strong><\/td>\n<td style=\"text-align: center; color: #0f0f91;\"><strong><a href=\"https:\/\/elicrombrasil.com\/?product=46918\"><u><span class=\"electro-price\"><span class=\"woocs_price_code\" data-currency=\"\" data-redraw-id=\"6a07470a4fe3f\"  data-product-id=\"82445\"><span class=\"woocommerce-Price-amount amount\"><bdi><span class=\"woocommerce-Price-currencySymbol\">&#82;&#36;<\/span>&nbsp;419.52<\/bdi><\/span><\/span><\/span><\/u><\/a><\/strong><\/td>\n<td style=\"text-align: center; color: #0f0f91;\"><strong><a href=\"https:\/\/elicrombrasil.com\/?product=21786\"><u><span class=\"electro-price\"><span class=\"woocs_price_code\" data-currency=\"\" data-redraw-id=\"6a07470a502d2\"  data-product-id=\"82447\"><span class=\"woocommerce-Price-amount amount\"><bdi><span class=\"woocommerce-Price-currencySymbol\">&#82;&#36;<\/span>&nbsp;419.52<\/bdi><\/span><\/span><\/span><\/u><\/a><\/strong><\/td>\n<td style=\"text-align: center; color: #0f0f91;\"><strong><a href=\"https:\/\/elicrombrasil.com\/?product=62828\"><u><span class=\"electro-price\"><span class=\"woocs_price_code\" data-currency=\"\" data-redraw-id=\"6a07470a5075b\"  data-product-id=\"82666\"><span class=\"woocommerce-Price-amount amount\"><bdi><span class=\"woocommerce-Price-currencySymbol\">&#82;&#36;<\/span>&nbsp;419.52<\/bdi><\/span><\/span><\/span><\/u><\/a><\/strong><\/td>\n<td style=\"text-align: center; color: #0f0f91;\"><strong><\/strong><\/td>\n<\/tr>\n<tr>\n<td style=\"background: #e2f6ff;\"><strong>Faixa de umidade<\/strong><\/td>\n<td style=\"text-align: center;\">0%RH &#8211; 100%RH<\/td>\n<td style=\"text-align: center;\">10%RH &#8211; 99%RH<\/td>\n<td style=\"text-align: center;\">10%RH &#8211; 95%RH<\/td>\n<td style=\"text-align: center;\">0%RH &#8211; 100%RH<\/td>\n<\/tr>\n<tr>\n<td style=\"background: #e2f6ff;\"><strong>Precis\u00e3o RH<\/strong><\/td>\n<td style=\"text-align: center;\">\u00b12,5% todo el rango<\/td>\n<td style=\"text-align: center;\">\u00b13% (20% a 90%),<br \/>\n\u00b15% (otro rango)<\/td>\n<td style=\"text-align: center;\">\u00b13% (20% a 90%),<br \/>\n\u00b15% (otro rango)<\/td>\n<td style=\"text-align: center;\">\u00b15% todo el rango<\/td>\n<\/tr>\n<tr>\n<td style=\"background: #e2f6ff;\"><strong> Faixa de temperatura interna <\/strong><\/td>\n<td style=\"text-align: center;\">(-)30\u00b0C a +70\u00b0C<\/td>\n<td style=\"text-align: center;\">(-)30\u00b0C a +60\u00b0C<\/td>\n<td style=\"text-align: center;\">(-)30\u00b0C a +70\u00b0C<\/td>\n<td style=\"text-align: center;\">(-)30\u00b0C a +70\u00b0C<\/td>\n<\/tr>\n<tr>\n<td style=\"background: #e2f6ff;\"><strong> Precis\u00e3o \u00b0C <\/strong><\/td>\n<td style=\"text-align: center;\">\u00b10.4 todo el rango<\/td>\n<td style=\"text-align: center;\">\u00b10.5% (-20 a 40),<br \/>\n\u00b110% (otro rango)<\/td>\n<td style=\"text-align: center;\">\u00b10.5% (-20 a 40),<br \/>\n\u00b110% (otro rango)<\/td>\n<td style=\"text-align: center;\">\u00b10.5 todo el rango<\/td>\n<\/tr>\n<tr>\n<td style=\"background: #e2f6ff;\"><strong> Faixa de temperatura da sonda externa <\/strong><\/td>\n<td style=\"text-align: center;\"><\/td>\n<td style=\"text-align: center;\">(-)40\u00b0C a +85\u00b0C<\/td>\n<td style=\"text-align: center;\"><\/td>\n<td style=\"text-align: center;\"><\/td>\n<\/tr>\n<tr>\n<td style=\"background: #e2f6ff;\"><strong> Armazenamento de leituras <\/strong><\/td>\n<td style=\"text-align: center;\">64.000<\/td>\n<td style=\"text-align: center;\">16.000<\/td>\n<td style=\"text-align: center;\">32.000<\/td>\n<td style=\"text-align: center;\">32.000<\/td>\n<\/tr>\n<tr>\n<td style=\"background: #e2f6ff;\"><strong> Resolu\u00e7\u00e3o <\/strong><\/td>\n<td style=\"text-align: center;\">0,1\u00b0C \/ 0,1%HR<\/td>\n<td style=\"text-align: center;\">0,1\u00b0C \/ 0,1%HR<\/td>\n<td style=\"text-align: center;\">0,1\u00b0C \/ 0,1%HR<\/td>\n<td style=\"text-align: center;\">0,1\u00b0C \/ 0,1%HR<\/td>\n<\/tr>\n<tr>\n<td style=\"background: #e2f6ff;\"><strong> Ajuste de temperatura (OFFSET)<br \/>\nCalibr\u00e1vel <\/strong><\/td>\n<td style=\"text-align: center;\"><img loading=\"lazy\" decoding=\"async\" class=\"alignnone wp-image-143605\" style=\"display: inline;\" src=\"https:\/\/elicrom.com\/wp-content\/uploads\/2026\/03\/checkverde-300x200.png\" alt=\"\" width=\"53\" height=\"35\" \/><\/td>\n<td style=\"text-align: center;\"><\/td>\n<td style=\"text-align: center;\"><\/td>\n<td style=\"text-align: center;\"><\/td>\n<\/tr>\n<tr>\n<td style=\"background: #e2f6ff;\"><strong> Ajuste de umidade (OFFSET)<br \/>\nCalibr\u00e1vel <\/strong><\/td>\n<td style=\"text-align: center;\"><img loading=\"lazy\" decoding=\"async\" class=\"alignnone wp-image-143605\" style=\"display: inline;\" src=\"https:\/\/elicrom.com\/wp-content\/uploads\/2026\/03\/checkverde-300x200.png\" alt=\"\" width=\"53\" height=\"35\" \/><\/td>\n<td style=\"text-align: center;\"><\/td>\n<td style=\"text-align: center;\"><\/td>\n<td style=\"text-align: center;\"><\/td>\n<\/tr>\n<tr>\n<td style=\"background: #e2f6ff;\"><strong>Certifica\u00e7\u00e3o <\/strong><\/td>\n<td style=\"text-align: center;\">CE, UKCA, RoHS<\/td>\n<td style=\"text-align: center;\">FDA EN12830, CE, RoHS<\/td>\n<td style=\"text-align: center;\">FDA EN12830, CE, RoHS<\/td>\n<td style=\"text-align: center;\"><\/td>\n<\/tr>\n<tr>\n<td style=\"background: #e2f6ff;\"><strong>Conformidade <\/strong><\/td>\n<td style=\"text-align: center;\"><\/td>\n<td style=\"text-align: center;\">CE (EN12830), RoHS,<br \/>\nFDA (21CFR)<\/td>\n<td style=\"text-align: center;\">CE (EN12830), RoHS,<br \/>\nFDA (21CFR)<\/td>\n<td style=\"text-align: center;\"><\/td>\n<\/tr>\n<tr>\n<td style=\"background: #e2f6ff;\"><strong>Bateria <\/strong><\/td>\n<td style=\"text-align: center;\">CR2032<\/td>\n<td style=\"text-align: center;\">CR2450<\/td>\n<td style=\"text-align: center;\">ER14250<\/td>\n<td style=\"text-align: center;\">CR2450<\/td>\n<\/tr>\n<tr>\n<td style=\"background: #e2f6ff;\"><strong>Peso neto <\/strong><\/td>\n<td style=\"text-align: center;\">58 g<\/td>\n<td style=\"text-align: center;\">35 g<\/td>\n<td style=\"text-align: center;\">60 g<\/td>\n<td style=\"text-align: center;\">70 g<\/td>\n<\/tr>\n<tr>\n<td style=\"background: #e2f6ff;\"><strong>Tamanho <\/strong><\/td>\n<td style=\"text-align: center;\">38x105x14 mm<\/td>\n<td style=\"text-align: center;\">44x84x20 mm<\/td>\n<td style=\"text-align: center;\">24x131x7 mm<\/td>\n<td style=\"text-align: center;\">7x115x16 mm<\/td>\n<\/tr>\n<tr>\n<td style=\"background: #e2f6ff;\"><strong>Intervalo de registro <\/strong><\/td>\n<td style=\"text-align: center;\">10s &#8211; 24 horas<br \/>\nprogramable<\/td>\n<td style=\"text-align: center;\">10s &#8211; 24 horas<br \/>\nprogramable<\/td>\n<td style=\"text-align: center;\">10s &#8211; 24 horas<br \/>\nprogramable<\/td>\n<td style=\"text-align: center;\">10s &#8211; 24 horas<br \/>\nprogramable<\/td>\n<\/tr>\n<tr>\n<td style=\"background: #e2f6ff;\"><strong>Dura\u00e7\u00e3o da bateria (15 minutos de<br \/>\nintervalo em condi\u00e7\u00f5es normais) <\/strong><\/td>\n<td style=\"text-align: center;\">m\u00e1s de 1 a\u00f1o<\/td>\n<td style=\"text-align: center;\">m\u00e1s de 1 a\u00f1o<\/td>\n<td style=\"text-align: center;\">2 a\u00f1os<\/td>\n<td style=\"text-align: center;\">2 a\u00f1os<\/td>\n<\/tr>\n<\/tbody>\n<\/table>\n\n\t\t<\/div>\n\t<\/div>\n<\/div><\/div><\/div><\/div><div class=\"vc_row wpb_row vc_row-fluid\"><div class=\"wpb_column vc_column_container vc_col-sm-12\"><div class=\"vc_column-inner\"><div class=\"wpb_wrapper\">\n\t<div class=\"wpb_raw_code wpb_raw_js\" >\n\t\t<div class=\"wpb_wrapper\">\n\t\t\t<script>\njQuery(function($){\n\n    \/\/ abrir men\u00fa principal\n    $('.departments-menu-v2 > .dropdown')\n        .addClass('open')\n        .children('.dropdown-menu')\n        .addClass('show');\n\n    \/\/ CLAVE: eliminar display:none inline\n    $('.departments-menu-v2 .sub-menu').removeAttr('style');\n\n});\n<\/script>\n\t\t<\/div>\n\t<\/div>\n<\/div><\/div><\/div><\/div>\n","protected":false},"excerpt":{"rendered":"TERMOHIGR\u00d3METROS DATALOGGER Termohigr\u00f4metros certificados pela ISO 17025, acreditados pelo Servi\u00e7o de Acredita\u00e7\u00e3o Equatoriano SAE e pela A2LA dos Estados Unidos da Am\u00e9rica, calibrados nos pontos: Umidade Relativa (30 %hr, 50","protected":false},"author":3,"featured_media":0,"parent":0,"menu_order":0,"comment_status":"closed","ping_status":"closed","template":"template-page-sidebar-left.php","meta":{"_acf_changed":false,"om_disable_all_campaigns":false,"_monsterinsights_skip_tracking":false,"_monsterinsights_sitenote_active":false,"_monsterinsights_sitenote_note":"","_monsterinsights_sitenote_category":0,"footnotes":""},"class_list":["post-82275","page","type-page","status-publish","hentry"],"acf":[],"aioseo_notices":[],"_links":{"self":[{"href":"https:\/\/elicrombrasil.com\/index.php?rest_route=\/wp\/v2\/pages\/82275","targetHints":{"allow":["GET"]}}],"collection":[{"href":"https:\/\/elicrombrasil.com\/index.php?rest_route=\/wp\/v2\/pages"}],"about":[{"href":"https:\/\/elicrombrasil.com\/index.php?rest_route=\/wp\/v2\/types\/page"}],"author":[{"embeddable":true,"href":"https:\/\/elicrombrasil.com\/index.php?rest_route=\/wp\/v2\/users\/3"}],"replies":[{"embeddable":true,"href":"https:\/\/elicrombrasil.com\/index.php?rest_route=%2Fwp%2Fv2%2Fcomments&post=82275"}],"version-history":[{"count":12,"href":"https:\/\/elicrombrasil.com\/index.php?rest_route=\/wp\/v2\/pages\/82275\/revisions"}],"predecessor-version":[{"id":82860,"href":"https:\/\/elicrombrasil.com\/index.php?rest_route=\/wp\/v2\/pages\/82275\/revisions\/82860"}],"wp:attachment":[{"href":"https:\/\/elicrombrasil.com\/index.php?rest_route=%2Fwp%2Fv2%2Fmedia&parent=82275"}],"curies":[{"name":"wp","href":"https:\/\/api.w.org\/{rel}","templated":true}]}}